). Let d = 13 + -12. Give y(d).
-9
Let v be 11/(33/78) + (3 - -1). Let w(l) = 23 + l**3 - 48 - 4*l**2 + v. Calculate w(4).
5
Let m(v) = -13*v**2 - 2*v - 1. Let d = -5 - -9. Suppose -12*b = -16*b - d. What is m(b)?
-12
Let j(s) = -s**2 + 6*s - 7. Let p be (9 - (8 - -2))*(-1 - 3). What is j(p)?
1
Let p(f) = -f - 17. Let h(w) = -13. Let k(u) = -5*h(u) + 2*p(u). Determine k(13).
5
Let c(r) be the second derivative of 0 - 3/2*r**2 - 3*r + 1/6*r**3. Give c(6).
3
Let f(k) = k**2 - 3*k - 3. Suppose 3*y = 11*y - 40. Let x(d) be the first derivative of -2*d**3/3 + 3*d**2 + 6*d - 3. Let j(t) = y*f(t) + 2*x(t). What is j(5)?
7
Let h = 141 + -131. Let x(w) = -6*w - 50. Let b(c) = -c - 10. Let k(u) = -11*b(u) + 2*x(u). Calculate k(h).
0
Let j(p) = 10*p + 5 + 0*p**3 - 6*p**3 + p**3 - 14*p**2 + 4*p**3 + 6*p**2. Let y be 4/(-18) - (-395)/(-45). Calculate j(y).
-4
Let d(z) = -z + 3. Let v be (1 - -1) + 2/2. Suppose 27 = -3*f - v*s, 0 = -f - 0*s + s - 7. Let a = f + 14. Determine d(a).
-3
Let a(r) = 3*r. Let d be (-22)/(-8) + ((-88)/32 - -3). Determine a(d).
9
Let z(s) = 3*s**2 + 4*s + 3. Let m(n) = n**3 + 27*n**2 - n + 6. Let r be m(-27). Let u = -36 + r. Give z(u).
18
Let t(l) be the first derivative of l**4/4 + 3*l**3 - 11*l**2/2 - 4*l - 61. Determine t(-10).
6
Suppose 4*t = 11 + 5. Let n(a) be the second derivative of a**3/6 + 3*a**2/2 - 110*a. What is n(t)?
7
Let k(j) = -35*j**2 - 39*j**2 - 4*j**3 + j + 107*j**2 - 34*j**2. Give k(1).
-4
Let d(q) = -q + 1. Let f(k) = -9*k + 6. Let j(a) = -15*d(a) + 3*f(a). Let g be ((-2)/4)/((-19)/(-4) + -5). What is j(g)?
-21
Let i = -1236 + 1240. Let t(u) = -u**2 + 8. Determine t(i).
-8
Suppose 21 + 7 = -2*m. Let a(p) = p**3 + 14*p**2 + 4. Let x be a(m). Let k(t) be the third derivative of t**4/12 + 5*t**3/6 + t**2. Determine k(x).
13
Let b(k) = -k + 1. Let p(v) = v**3 + 4*v**2 + 6*v - 12. Let x(q) = -5*b(q) - p(q). What is x(-5)?
37
Suppose -66*k = -67*k + 4. Let r be k/7 - 18/(-42). Let i(h) = 9*h - 1. What is i(r)?
8
Suppose 0 = 4*q - 9*q + 100. Suppose -3*y - 6 = 0, -q = v - 6*v - 5*y. Let m(i) = -i. Let d(k) = 7*k - 3. Let n(h) = v*m(h) + d(h). Calculate n(3).
0
Let c(j) = j**2 - 2*j - 1. Let v(q) = 4*q**2 - 7*q - 1. Let a(w) = -3*c(w) + v(w). Give a(0).
2
Let z(y) = -3*y**2 - 4*y. Let h(n) = n**2 + n + 1. Let b(q) = 2*h(q) + z(q). Let k be 2 + -3 - (-1 + -2). Let a be 24/k*(-2)/6. Give b(a).
-6
Suppose -2*j = -9*w + 4*w - 61, -3*j - 3*w = -60. Let r = 26 - j. Let s(u) = u**2 - 4*u - 1. Give s(r).
-4
Suppose -13 - 7 = -2*f + 5*b, 0 = -f + 3*b + 12. Suppose -2*l + 4*d + 38 = 10, f = -2*l + d + 28. Let w be 2/7 + 24/l. Let c(z) = z**3 - 3*z**2 + z. Give c(w).
-2
Let t(m) = m**3 + 5*m**2 - 6*m - 5. Suppose 0 = 3*a - a - 6, 2*y - 4*a - 100 = 0. Let z be (y/42)/(2/6). Let g = z - 10. Determine t(g).
-5
Let y(r) = -5*r - 54. Let l be y(-12). Let i(x) = x**2 - x - 8. Calculate i(l).
22
Let r = 796 - 798. Let o(m) = -m**2 - 2*m - 4. Calculate o(r).
-4
Let q(k) be the third derivative of -k**6/120 - 13*k**5/60 - 7*k**4/4 - 3*k**3/2 - 64*k**2. What is q(-8)?
7
Let a(q) be the first derivative of q**4/4 + q**3 - q**2/2 + 5*q - 471. Let f = -2 - 2. Calculate a(f).
-7
Let x(k) = -k + 14. Let f(z) = 13*z + 460. Let w be f(-35). Give x(w).
9
Let s(m) = m - 3. Let k = -7 - -24. Let n = 17 - k. What is s(n)?
-3
Let j(p) = -19*p**3 - 2*p**2 + p. Let t(r) = r**2 - 6*r + 6. Suppose -18 = -3*y + 3. Suppose 0*v = -y*v + 35. Let x be t(v). What is j(x)?
-20
Let v(s) be the third derivative of s**6/720 + s**5/24 + 7*s**4/8 - 4*s**2. Let y(n) be the second derivative of v(n). What is y(-8)?
-3
Suppose 38 + 23 = 61*o. Let r(u) = -2*u + 0*u - 2*u. Determine r(o).
-4
Let p(f) = 27*f - 15*f - 16*f. Let c be -1 + 2/2*5. Suppose r - c = -3*r. Calculate p(r).
-4
Let i(r) = -6*r. Let z = 1903 - 1911. Determine i(z).
48
Suppose 5*t = 9*t - 12. Let m(c) = 4*c**t + 895 - 3*c**3 - 897. Give m(0).
-2
Suppose y = 3*m + 2*m - 18, 0 = -5*y - m - 12. Let q = y - -1. Let h(z) = -z**3 - 3*z**2 - 4*z - 2. Calculate h(q).
2
Let u be 1 + 3/(3 + -6). Let f be (u + 1)/((-1)/4). Let t be f - -2 - (0 + 1). Let b(w) = -2*w. Determine b(t).
6
Let b(k) = -k**3 + 14*k**2 - 13*k + 3. Suppose 2*d = 2 + 24. Let g be b(d). Let u(c) = -6 + 3 - c - 5*c**2 - 8*c + c**g + 3*c. Determine u(6).
-3
Let z(m) = -m**2 - 3*m + 6. Suppose 8*n + 150 = -22*n. Calculate z(n).
-4
Let o(j) = 118 + 125 + 123 - 23*j - 369. Determine o(-1).
20
Let h(s) be the second derivative of 3/2*s**2 + 0 - 1/2*s**3 + 5/12*s**4 - 1/20*s**5 + 15*s. What is h(4)?
7
Let q = 125 + -123. Let g(c) = -c**q - 1534 + 1534 + 5*c. What is g(7)?
-14
Let j(m) = m**3 - 6*m**2 + 3*m. Let b = -7 + 31. Suppose -b = -7*w + 11. Give j(w).
-10
Let m be (12 + -9)*(0 - -1). Let r(a) = -a**2 - 1. Let k(y) = 6*y**2 - 2*y + 5. Let h(u) = k(u) + 5*r(u). Give h(m).
3
Let h(a) = a**2 + 9*a + 6. Suppose 138 = 4*l + 2*f, l + 4*f = -l + 60. Suppose -4*k - 2*k - l = 0. Determine h(k).
-12
Let p(s) = -9*s**3 - 2*s**2 + s. Suppose 2*a = 2*m - m - 90, 3*a = m - 133. Let h = -42 - a. Give p(h).
-10
Let n(z) be the third derivative of z**9/60480 + z**8/20160 + z**7/5040 + z**6/720 + 17*z**5/30 + 5*z**2. Let c(k) be the third derivative of n(k). Give c(-3).
-20
Let g(h) = -2*h - 18. Let p(w) = w + 9. Let j(y) = -3*g(y) - 5*p(y). Give j(0).
9
Let m(r) = -r**3 + 3*r**2 + r - 1. Suppose -5*b = -4*b - 3. Let n be m(b). Let i(d) be the third derivative of -d**5/20 + 11*d**2. Determine i(n).
-12
Suppose 52*t + 118 = 66. Let f(j) = 3*j**3 + 2*j + 1. Give f(t).
-4
Suppose 0 = -8*f + 10 - 58. Let y(j) = -j**3 - 6*j**2 - 2*j + 2. What is y(f)?
14
Let s(u) = -3*u - 3. Let w be 3/(-3) - 2 - -7. Suppose -5*i + 56 = -w. Let z = i + -16. Determine s(z).
9
Let l(q) = 2*q**2 + q - 1. Let o(d) = 35*d**2 + 5*d - 8. Let m(u) = -6*l(u) + o(u). Determine m(-1).
22
Let j(h) = h**2 + 1. Suppose 6 = -i - 2*v, 2 = -3*i - v - 1. Suppose 2*w = -i*w - 4. Calculate j(w).
5
Let p(g) = 8 + 3 - 4 + 27*g**2 + 2*g - 28*g**2. Give p(4).
-1
Let j(a) = -9 + a**3 - 8*a**2 + 6*a + 7*a - 4*a + a. Determine j(6).
-21
Let p(r) = -2*r**2 + 2*r - 3. Let y = -22 - -40. Let a = y - 16. What is p(a)?
-7
Let m(d) = d + 13. Suppose 4*w + 12 = 0, -4*w = -i - 7*w + 3. Give m(i).
25
Let f(m) = -m**2 + 3*m + 3. Let d be f(0). Let x(a) = 112*a**2 - 2 - 107*a**2 - a**d + 4 - 2*a. What is x(4)?
10
Let m(h) = -h**3 + 5*h - 3. Let d(z) = -2*z**3 - z**2 + 9*z - 5. Let x(u) = 3*d(u) - 5*m(u). Let l(b) = -39*b + 2576. Let k be l(66). Calculate x(k).
-16
Let y(c) = 3*c**3 + c**2 - c + 1. Let h be y(1). Let w(o) = h*o - 6*o + 2 - o. Let f = 7 + -5. Give w(f).
-4
Let d(g) = 3 + 685*g - 1 + 686*g - 1373*g. Give d(4).
-6
Let y(i) = -i**3 + 19*i**2 - 18*i + 8. Let z be ((-108)/(-15))/((-4)/(-10)). What is y(z)?
8
Let t(l) = 11*l + 26 - 26. Suppose -4*g + 7 = -9. Suppose 0 + 4 = g*j. What is t(j)?
11
Let j(x) = -7*x**3 - 11*x**2 - 12*x - 6. Let n(s) = 1 + 1 - 3 + s + s**2 + 2 + s**3. Let h(a) = -j(a) - 6*n(a). Calculate h(-4).
-8
Let o = 2902 - 2893. Let l(r) = r**2 - 14*r + 49. Give l(o).
4
Let w(b) = b. Let i be (-2)/(-6)*0 + -1. Let x(h) be the second derivative of -2*h**3/3 + h**2/2 - h. Let l(f) = i*x(f) - 5*w(f). Determine l(-5).
4
Let p = 92 + -84. Suppose 5*x - p + 3 = 0. Let g(j) = 0*j - 8*j**2 - j + 18*j**2. Calculate g(x).
9
Let y(q) = q**3 + q**2 - 1. Let g = 712 + -714. Calculate y(g).
-5
Let a = -8 - -13. Let m(i) = 7 + 5 - 14 - i**3 - 4*i + 6*i**2. Calculate m(a).
3
Let p(s) be the second derivative of 24*s + 5/2*s**2 + 1/6*s**3 + 0. Give p(5).
10
Let l = -41 + 50. Let x be (-10)/(-4)*1*(l - 7). Let f(r) = 9*r - 15. Let s(c) = 4*c - 7. Let v(m) = -2*f(m) + 5*s(m). Determine v(x).
5
Let g(u) = 14 + 2*u - 20 - 4*u + u. Calculate g(-7).
1
Suppose 0 = -12*u - 137 + 173. Let v(l) = 2*l + 1. Determine v(u).
7
Let t = -17 + 23. Let w(f) = -f**3 + f**2 + f + 1. Let j(k) = -3*k**3 + 8*k**2 + 3*k - 6. Let h(m) = j(m) - 2*w(m). Calculate h(t).
-2
Let t be (-828)/(-54) + (-6)/(-9). Let j(k) = -k**2 + 14*k + 15. Determine j(t).
-17
Let w(y) = -4*y**2 + 5*y + 9. Let q(g) = -5*g**2 + 6*g + 11. Let c(t) = -3*q(t) + 4*w(t). Give c(5).
-12
Let j(m) = m + 4. Let q(g) = g**3 + 4*g**2 + 4. Let d be q(-4). Suppose -16 = 2*a - 4*x, 4*a + d*x + 32 = 3*x. Let w be (7/(-4))/(a/(-32)). Calculate j(w).
-3
Let t(m) be the